(base 4) to base 16.
-26f23
What is 13653011 (base 7) in base 15?
1a74ee
Convert d092c (base 14) to base 6.
14424232
Convert -31151162 (base 8) to base 7.
-110106526
What is 52251415 (base 7) in base 10?
4399183
2110414433 (base 5) to base 8
20573607
What is 617607 (base 10) in base 5?
124230412
100131221 (base 4) to base 12
33035
What is -20533535 (base 6) in base 4?
-2103111203
22002000221 (base 3) to base 6
3223511
What is e1716 (base 15) in base 2?
10101110001111111001
2121220200 (base 3) to base 8
144760
What is -2020010022100 (base 3) in base 16?
-120ea0
20120102101 (base 4) to base 9
4117174
What is -230323312003 (base 4) in base 10?
-11779459
Convert -330b7b (base 12) to base 6.
-25211435
What is -1111010101100000110 (base 2) in base 16?
-7ab06
Convert 1101100100001111010101 (base 2) to base 5.
1402300214
What is 2002070 (base 9) in base 7?
12022134
Convert 6687b (base 12) to base 2.
100001001101011111
343450401 (base 6) to base 4
120022330201
What is -1eef9 (base 16) in base 9?
-212732
Convert 21001300 (base 6) to base 15.
bec1c
9524656 (base 10) to base 5
4414242111
-1001100110 (base 3) to base 9
-31313
What is -1200222300 (base 4) in base 10?
-395952
Convert -966310 (base 10) to base 5.
-221410220
What is -a6848 (base 13) in base 15?
-5de39
What is 2a1830 (base 12) in base 2?
10101100110101100100
-50bc2 (base 14) to base 2
-101111011101100110
What is -11101021010 (base 3) in base 15?
-1a829
12204442 (base 5) to base 14
30515
-31821 (base 13) to base 9
-145386
Convert 120103311 (base 4) to base 15.
1e783
What is 24132d7 (base 14) in base 11?
9817985
Convert 44203 (base 5) to base 7.
11621
2010100011 (base 3) to base 4
22031020
-247740 (base 8) to base 16
-14fe0
What is -6aa06b (base 13) in base 2?
-1001101011000000000011
Convert 1c2ca29 (base 13) to base 15.
c50876
Convert -678c6 (base 13) to base 2.
-101101111101100011
2220011120010 (base 3) to base 9
2804503
What is 163c0 (base 13) in base 3?
2011011121
473311 (base 8) to base 5
20131411
1102121313 (base 4) to base 11
210653
Convert -15144311 (base 6) to base 8.
-2005463
Convert -894815 (base 10) to base 9.
-1613408
-3664360 (base 9) to base 12
-800390
21212140 (base 5) to base 4
223231211
What is -446705 (base 8) in base 16?
-24dc5
d484 (base 14) to base 3
1212011112
Convert 29ba0c (base 13) to base 10.
1025504
What is -2331551 (base 7) in base 14?
-78d98
Convert 139007 (base 10) to base 11.
95490
Convert 50929 (base 16) to base 8.
1204451
-1034323423 (base 5) to base 10
-2261113
Convert -50ffd (base 16) to base 4.
-1100333331
Convert -b88d (base 14) to base 3.
-1121201122
100100001111111001 (base 2) to base 14
3c173
Convert 101100100100000011110 (base 2) to base 15.
1dca04
-a23a1 (base 12) to base 6
-4310321
-1325a (base 12) to base 14
-9810
Convert 231003310 (base 4) to base 6.
3542244
What is 11013223 (base 6) in base 7?
2536041
What is -3835193 (base 10) in base 12?
-134b535
Convert 1256474 (base 9) to base 7.
5561143
Convert 5104232 (base 6) to base 12.
b8078
-1279a3 (base 13) to base 2
-1101100110000001000
What is -152156 (base 9) in base 7?
-536301
-101432302 (base 5) to base 15
-84ad7
Convert -289017 (base 16) to base 11.
-1556271
-1000110100111111000 (base 2) to base 14
-775c4
135446 (base 15) to base 9
1665423
What is -6617420 (base 11) in base 16?
-b14f28
Convert 231310002 (base 4) to base 15.
3a900
What is b692 (base 13) in base 8?
61324
4c82c (base 14) to base 13
6787c
Convert 10225100 (base 7) to base 2.
11010010110111101011
Convert 637425 (base 9) to base 15.
77652
-5ebac (base 15) to base 3
-120101122200
What is -67294 (base 13) in base 11?
-118716
What is 142b2e (base 15) in base 5?
222034034
What is -2421105 (base 6) in base 13?
-45c08
What is 210201121122 (base 3) in base 4?
1220121323
-371a39 (base 12) to base 4
-3122132031
Convert 10123330023 (base 4) to base 16.
11bf0b
What is -91852 (base 12) in base 2?
-101110010001111110
What is -1200212112222 (base 3) in base 9?
-1625488
Convert -443822 (base 9) to base 11.
-171358
Convert 20021220121 (base 3) to base 7.
1024060
Convert -21e (base 16) to base 12.
-392
What is -263822 (base 9) in base 5?
-20112234
Convert -157215 (base 9) to base 10.
-97133
734845 (base 9) to base 15
8958b
-444441032 (base 5) to base 8
-7345602
Convert -4462a (base 14) to base 10.
-165854
Convert 1624714 (base 9) to base 14.
196bbb
-122c18 (base 15) to base 13
-246068
352b8b (base 14) to base 10
1813319
-10011111000100001111110 (base 2) to base 15
-6ce5ab
-3536545 (base 9) to base 7
-22161245
-650bb7 (base 12) to base 9
-3005524
What is -53236 (base 10) in base 16?
-cff4
Convert 13021424 (base 5) to base 14.
3414d
What is 3893818 (base 10) in base 14?
73505c
What is 1104830 (base 9) in base 13?
17a537
Convert -2c350 (base 15) to base 12.
-6a570
What is -101100111011101 (base 2) in base 15?
-6c3a
Convert 10331222 (base 4) to base 8.
47552
What is -96892 (base 11) in base 7?
-1124365
-7050415 (base 9) to base 14
-6d9b1c
What is -974927 (base 12) in base 5?
-1103033004
Convert -6284250 (base 10) to base 15.
-842000
735255 (base 16) to base 4
130311021111
Convert -bc62d5 (base 14) to base 6.
-345014151
-2a4102 (base 11) to base 8
-1635547
What is -1131032112 (base 4) in base 5?
-44204341
What is -1172555 (base 8) in base 13?
-b4bbc
What is 111050 (base 10) in base 3?
12122022222
1201100000 (base 3) to base 11
23417
-1012132010 (base 5) to base 11
-1192598
20055005 (base 7) to base 13
461c39
What is -137c032 (base 13) in base 8?
-27414754
1110101111001101000111 (base 2) to base 4
32233031013
Convert 234234 (base 13) to base 10.
837438
What is 1125673 (base 10) in base 7?
12365563
Convert 1112222 (base 6) to base 14.
166d8
What is a94462 (base 12) in base 7?
31541501
What is 391a9 (base 13) in base 2?
11001110100100100
What is -2043311400 (base 5) in base 2?
-10000010011111010001010
What is 482c51 (base 15) in base 5?
1340431101
What is 2131323002 (base 4) in base 3?
1012212022102
What is 210131153 (base 6) in base 4?
31323120231
-401120032 (base 6) to base 10
-6775508
What is -110101111110110000 (base 2) in base 16?
-35fb0
What is -8824370 (base 10) in base 7?
-135002012
Convert -2021021001 (base 3) to base 8.
-127163
What is -1612613 (base 7) in base 3?
-102021100212
-230321033 (base 4) to base 9
-310218
Convert 2002011111200 (base 3) to base 6.
35410113
-7aaa8 (base 15) to base 9
-654635
What is -1300130331 (base 5) in base 16?
-2fc2eb
Convert 6273565 (base 8) to base 13.
465882
-1817055 (base 9) to base 10
-1015547
Convert -202202200022 (base 3) to base 11.
-25a0a7
720258 (base 14) to base 15
50d5d0
228844 (base 11) to base 3
200110000020
Convert -6111341 (base 8) to base 10.
-1610465
Convert 32138208 (base 9) to base 4.
323013111023
Convert 366555 (base 8) to base 4.
132311231
Convert 8363259 (base 10) to base 11.
47a2493
What is -5303200 (base 6) in base 13?
-90186
Convert -230301000322 (base 4) to base 15.
-106c0ed
What is -1101010101111100111 (base 2) in base 13?
-124017
Convert 28008 (base 12) to base 5.
3232204
Convert -4a456 (base 14) to base 10.
-181964
What is -63d993 (base 15) in base 4?
-102020223303
What is -50249 (base 12) in base 6?
-2121333
What is 16493 (base 16) in base 9?
148185
What is -33123123 (base 4) in base 11?
-43530
Convert -215130310 (base 6) to base 2.
-1110110100010011000010
What is 20accd (base 14) in base 9?
2064557
9c0530 (base 14) to base 11
2aa1881
Convert 110111010111010011111 (base 2) to base 6.
102514543
What is -20120012000 (base 3) in base 13?
-46a40
-a7d6d1 (base 14) to base 16
-56bbd7
What is 111111100111100110101 (base 2) in base 12?
846499
What is 235a50 (base 11) in base 2?
1011011010010111001
Convert -1011201100010 (base 3) to base 6.
-21214050
What is 10110010011110000 (base 2) in base 9?
148308
What is 2771e (base 15) in base 3?
20102111102
-52775aa (base 12) to base 2
-111011011101000110010010
1413232 (base 5) to base 15
89b2
What is 32331332 (base 6) in base 4?
3222202220
-53a1335 (base 11) to base 7
-143441005
What is 1414397 (base 12) in base 6?
221534311
What is 142352052 (base 6) in base 12?
b8b628
What is -1440050 (base 6) in base 16?
-1441e
What is 311529 (base 14) in base 16?
194361
851bd6 (base 16) to base 2
100001010001101111010110
Convert 161586 (base 9) to base 7.
563313
Conver